= -l**2 + 9*l - 6. Let j be k(t). What is the highest common factor of f and j?
7
Suppose -158*m + 153*m + 1875 = 0. Let g = 387 - m. Calculate the greatest common factor of 156 and g.
12
Suppose 132*s = -70*s + 5803864. What is the greatest common factor of s and 44?
44
Let y = 131 - 43. Let i = -347 - -363. Suppose -344*k - i = -346*k. What is the highest common factor of k and y?
8
Let j be (-16)/(-40) + 3693/5. Suppose 9*f - 2420 = j. What is the highest common divisor of 13 and f?
13
Suppose 0 = -l + 2*q, 3*l = 8*l + q. Let v(a) = -2*a**2 - 4*a + 43. Let u be v(l). What is the highest common factor of 344 and u?
43
Suppose -2*w = -8 - 112. Suppose 2*s + 4*d = -62, 2*d = -3*s - 97 + 16. Let q = s - -37. What is the greatest common divisor of w and q?
12
Suppose 4*f - 12*y = -9*y + 83, -3*f + 4*y + 64 = 0. Let z be (f/25)/2 + 68/5. Calculate the greatest common factor of 294 and z.
14
Let h = 4 - 0. Suppose 4*i - 238 - 134 = 0. Suppose -94*n = -i*n - 32. What is the highest common factor of h and n?
4
Let a = -66 - -83. Let l = a + -1. Calculate the highest common divisor of 24 and l.
8
Let s be (2 - (-50)/(-4))*-6. Let a = s + -60. Suppose -28 = -a*k - 10. Calculate the highest common divisor of k and 24.
6
Suppose -5*p + 4*y = -16, -1 = -3*y + 2. Suppose 0 = p*d - v - 332, -2*d + 3*v + 64 + 112 = 0. What is the highest common factor of 123 and d?
41
Suppose -y + 42 + 12 = 0. Let c(z) = 7*z - 149. Let l be c(23). What is the greatest common factor of l and y?
6
Let v be -5*(-1 + -68) - (609/(-21) - -26). Calculate the greatest common divisor of 435 and v.
87
Let m(c) = 8*c**2 + 9*c. Let a(x) = x**2 + 9*x - 13. Let k be a(-10). Let t be m(k). What is the highest common factor of 15 and t?
15
Suppose -252610 = -135*j + 66800. Calculate the highest common divisor of j and 14.
14
Let f be 2 + 1 - ((-2 - 7) + 4). Suppose -1845 + 477 = -4*m. Suppose f*b = 14*b - m. What is the highest common factor of 38 and b?
19
Suppose -16407 = -2*t - 5*y, 5*y + 9 = -6. Calculate the highest common divisor of t and 69.
69
Suppose 3*k - 25 = -2*o, 5*k + 10 - 1 = 3*o. Suppose o - 22 = 7*f. Let q be (72/(-48))/(f/12). Calculate the highest common divisor of q and 6.
3
Let a = 13653 - 9676. Calculate the greatest common divisor of 41 and a.
41
Let z be 1 + -2 + 8 + -4 + 3. Suppose -z*c - 4*c = -900. Let q(s) = s**3 - 3*s**2 + 2*s - 6. Let v be q(4). What is the highest common divisor of v and c?
18
Suppose 2*a = 6, -67*g + 63*g + 211 = a. Suppose -212 = -5*k - g. Calculate the highest common factor of k and 4.
4
Let h = -10398 + 12891. Calculate the greatest common factor of h and 63.
9
Let s(k) = -4*k**2 - 29*k - 10. Let a(g) = -g**2 + 1. Let j(t) = -3*a(t) + s(t). Let r be j(-28). Calculate the greatest common factor of 495 and r.
15
Suppose 2*z + 27 - 11 = -4*o, 0 = -4*o - 16. Let y be 4/((z + 5)/725). Calculate the greatest common factor of y and 20.
20
Let x be (-3)/((-18)/20) - 194/(-291). Let u be (5/x)/(1/4). What is the highest common factor of 20 and u?
5
Let o be 8/(-28)*6*(6 + 3002/(-57)). Let p be 0 + (1002 - 2 - 0). Calculate the greatest common divisor of p and o.
40
Suppose x = -r + 557, 36*r - 34*r - 1674 = -3*x. Calculate the highest common factor of 21 and x.
7
Let n be 11/(33/(-18)) - -4. Let v be (-1)/n - 1 - 141/94. Let x be v/(-13) + (-5080)/(-104). What is the highest common divisor of 147 and x?
49
Let w be (-3)/(-9) - (-521)/3. Suppose 4*h = -3*v + v + w, h - 5*v - 60 = 0. Let f = h - 37. Calculate the greatest common factor of f and 8.
8
Let i(f) = -f**3 + 9*f**2 - 5*f + 1. Let j be i(8). Suppose 0 = y - 6*y + j. Let d be -2*y/10 - -5. Calculate the highest common divisor of 36 and d.
4
Let x be (312/(-20))/(35/(-1575)). Calculate the greatest common divisor of 286 and x.
26
Suppose -2*f + 9 = -f. Suppose 8*g - 100 = -20. Let j = 53 + g. What is the greatest common factor of j and f?
9
Let f(l) = 27*l - 13. Let a be f(3). Let w = 641 - 624. What is the greatest common divisor of w and a?
17
Let k = -90 + 245. Let z(m) = 127*m - 96. Let j be z(1). Calculate the highest common factor of j and k.
31
Let h(c) = -97*c + 109*c + 8*c**2 - 2 - 34 - c**3. Let k be h(8). Calculate the highest common divisor of k and 15.
15
Suppose 2*j = -2*p + 1028, 4*j + 3*p - 1863 = 196. Calculate the greatest common divisor of j and 22.
11
Let z(s) = s**3 - 5*s**2 - 10*s - 4. Let n be z(8). Let v be (2 + 1 - 1) + n + -14. Calculate the highest common factor of 6 and v.
6
Let b(p) be the second derivative of p**4/12 - 5*p**3/6 - 3*p**2/2 - 10*p. Let u be b(6). Let w = 71 + -38. What is the greatest common divisor of w and u?
3
Let d = 20 - 10. Suppose 7*r - 46 - d = 0. Suppose 3*c - r*c = -155. Calculate the highest common divisor of c and 248.
31
Suppose 0 = -4*w + 4*p - 3*p + 362, -350 = -4*w - 5*p. Suppose 0 = -6*x - w + 270. What is the highest common divisor of x and 210?
30
Let l be (-5938)/(-11) + (-4)/(-22). Calculate the highest common factor of l and 243.
27
Let u(y) = 11*y**2 + y + 8. Let b be u(-2). Suppose b*p - 69*p = -4788. What is the greatest common factor of p and 56?
28
Suppose -w + 8 = -73. Let f be w/(-7) + (-8)/(-14). Let a = f + 23. What is the greatest common divisor of 24 and a?
12
Suppose -59*b + 203*b - 5184 = 72*b. What is the highest common factor of 1448 and b?
8
Suppose k - 5312 = -4*g, 3*g - 2987 = -k + 998. Suppose -15*x + 1598 = -g. What is the greatest common factor of x and 26?
13
Let h be (168/54)/((-6)/(-27)) - 1. What is the highest common factor of h and 481?
13
Let w = -122 + 58. Let k = w + 317. Let g(p) = 20*p - 4797. Let d be g(241). Calculate the highest common divisor of d and k.
23
Let j(l) = -l**3 - 10*l**2 - 7*l - 67. Let d be j(-10). Let b(t) = -t + 7. Let g = -7 - -2. Let c be b(g). Calculate the greatest common divisor of d and c.
3
Let o = -1054 + 1069. Let j = 310 + -210. Calculate the highest common divisor of j and o.
5
Let m = 1439 + 2722. What is the greatest common divisor of m and 38?
19
Let o be 300/(-70) + 4 + (-3938)/(-14). Let j = -280 + o. Let q be 72/7 - (-6)/(-21). What is the highest common divisor of q and j?
1
Suppose -436 = -22*d + 21*d + 2*p, 0 = -17*d + p + 7346. Calculate the highest common divisor of d and 3186.
54
Let x(l) = l**2 - 29*l - 410. Let s be x(-20). What is the highest common divisor of 12 and s?
6
Suppose 3*x - 1428 = -x. Suppose 559*v = 275*v + 308*v - 504. What is the greatest common factor of v and x?
21
Suppose 0 = -5*z - 55*q + 57*q + 270, 0 = 5*z + q - 285. What is the greatest common divisor of z and 448?
56
Let u(m) = -106*m - 28. Let v be u(-8). What is the greatest common divisor of v and 615?
205
Let u = -2664 + 2764. What is the greatest common factor of u and 2050?
50
Suppose -252 = -3*q - 3*j, 0*j - j = 5*q - 408. Let x = 14 + -10. Suppose 3*i - x*g = 31, -2*i + 3*g = -21 - 0. What is the highest common factor of q and i?
9
Let h = 11625 + -11603. Calculate the greatest common divisor of 2167 and h.
11
Let g = 3260 + 5700. What is the highest common divisor of 32 and g?
32
Let a(g) = -4*g + 62. Let j be a(-7). Suppose 6*d + 0 = j. What is the greatest common divisor of 1020 and d?
15
Let t(h) = -h**2 + 13*h + 15. Let z be t(9). Suppose 47*r + 112 = z*r. Calculate the highest common factor of r and 16.
4
Let w(o) = -o**3 + 11*o**2 + 34*o - 50. Let b be w(12). Let z = b - 178. What is the highest common factor of 192 and z?
12
Let c = 676 + -671. Suppose -4*i + 44 = 2*q, 5*i + 4*q + 28 = 86. Let y be ((-35)/i)/((-1)/10). What is the greatest common factor of c and y?
5
Suppose 2*l - 4*c - 504 = 0, -2*l + 506 = -2*c - 0*c. What is the greatest common divisor of 2413 and l?
127
Suppose f - 4*z = -20, 1 = -2*f + 3*z - 14. Suppose f*x = 4*x - 120. Let i = 5708 - 5678. What is the highest common factor of x and i?
30
Let i be (-1 + -1)/(-3 - 625/(-210)). Suppose 12*x - i = -9*x. What is the greatest common divisor of 20 and x?
4
Suppose -z - p + 532 + 272 = 0, -2*z = -5*p - 1601. What is the highest common divisor of 365 and z?
73
Let g be (-4 - -5)*(-5 - 1). Let t be g/(-16) - 27999/(-216). Calculate the highest common divisor of t and 20.
10
Let o be 28/6 + (-2)/3. Suppose o*t = -n + 6*n - 316, -2*t + 172 = 3*n. Let k = -11 - -21. What is the greatest common fa